ber?
False
Let o be (-25)/10*36/(-15). Suppose 0 = 3*j - 0*j - o. Suppose -4*a + j*c = -1238, -a + 60 = -c - 252. Is a prime?
True
Let i(a) = 9 + 2*a**2 + 10*a - 37*a**3 + 8*a**2 + 38*a**3. Is i(-6) a prime number?
False
Let z(i) = 401*i + 4. Let t be z(1). Suppose 1848 = 3*l - t. Is l composite?
False
Let n(i) = 10*i**2 + i - 4. Let s be n(-11). Suppose -4*g + 600 = m - 2*g, 5*g - s = -2*m. Suppose 2*y = 4*y - 4*h - m, 2*h = 2. Is y a composite number?
False
Suppose -12 + 3 = 3*w. Let m be ((-105)/20)/(3/(-8)). Is 4683/m*(-2)/w composite?
False
Let x be 6*(15/(-9) + 1). Is 4 + 519 + x + 2 prime?
True
Suppose -3*g - g + 3316 = 5*k, k - 663 = -g. Suppose 5*a = -3*a + k. Is a a composite number?
False
Let h(p) = -2*p**3 + 12*p**2 + 6*p - 4. Let i be h(9). Let r = 361 - i. Is r a prime number?
True
Let z(n) = 2*n**3 - 3*n**2 + 10*n - 11. Let t = 18 + -12. Is z(t) a composite number?
False
Is 6225/5*3/9 a composite number?
True
Suppose -h + 5692 - 857 = 0. Is h a composite number?
True
Let n(f) = 2*f**3 - 3*f**2 + 17*f + 6. Let g be n(8). Let c = g - 473. Is c a prime number?
False
Suppose -32 = -7*o - 11. Let b(l) = 2744*l + 1. Let y be b(1). Suppose y = o*r + 282. Is r a prime number?
True
Let g(d) be the second derivative of -29*d**3/6 + 5*d**2/2 + 5*d. Let j be 15/20 - (-38)/(-8). Is g(j) composite?
True
Suppose 3*o - 19399 = 2*d, -3286 + 22713 = 3*o + 5*d. Is o a prime number?
True
Let n(y) = 4*y**3 - 9*y**2 + 4*y - 2. Suppose 2*g - g = 0, -5*q - 5*g = -30. Is n(q) prime?
False
Let w(z) = 9*z**2 + 6*z - 20. Is w(3) composite?
False
Let f(m) = -15859*m - 367. Is f(-8) prime?
False
Suppose -2*z = 8, 6*p = 4*p + 5*z + 618. Is p a composite number?
True
Let w = -6617 + 12291. Is w composite?
True
Suppose 8*q = 3*q - 25. Let o(v) = -v**3 - 3*v**2 - 2*v - 1. Is o(q) prime?
True
Let u = 21 + -15. Let d(c) be the second derivative of c**4/6 - 2*c**3/3 - 13*c**2/2 - 9*c. Is d(u) a composite number?
True
Suppose 6*i - 1 = -2*h + i, -23 = -h + 5*i. Let n be (h/10)/(2/5). Suppose n*r = 3*r - 131. Is r a prime number?
True
Suppose 0*g + 96 = 4*g. Let n = g + -25. Is n/(0 + 2/(-586)) a prime number?
True
Let d(u) = -10681*u - 660. Let c(v) = -178*v - 11. Let r(j) = 121*c(j) - 2*d(j). Is r(-5) a composite number?
True
Let y be (-1 + 0 - 2)/(222/(-93092)). Suppose -13*v - y = -15*v. Is v a prime number?
False
Is (90693/(-36))/((-12)/80) composite?
True
Suppose -726*h = -727*h + 77911. Is h a prime number?
False
Let v be (-9)/18*(1 + 1). Let g(o) = -9*o**3 + o. Let a be g(v). Let f(y) = -y**3 + 14*y**2 - 11*y - 3. Is f(a) prime?
True
Let g(a) = 2*a**2 - 41*a - 908. Is g(-89) a prime number?
True
Suppose 0*y + 5*g - 80 = 5*y, 0 = -y + 2*g - 17. Is 1282*(y/(-6))/5 a composite number?
False
Let s = -263 + 392. Let b = -50 + s. Is b a composite number?
False
Let b be ((-9)/(-6))/(9/(-3012)). Let w = b - -993. Is w a prime number?
True
Suppose 0 = a + 2*a - 192. Suppose 0*t - 2*t + 4 = 0. Is a + t - (3 + -2) a prime number?
False
Let d be (502/8)/((-5)/(-20)). Let v = 202 + d. Suppose v = -5*u + 2108. Is u composite?
False
Let g be -4*(-1)/((-12)/(-39)). Let s be g - (1 + (1 - -2)). Suppose 5*c + 652 = s*c. Is c a composite number?
False
Let w be 7 + (-2 - -3 - 4). Is w/(-26) + 1380/13 a prime number?
False
Let p be (-3)/6*-38 + 2. Let b be (p/2)/((-6)/(-16)). Let g = b - -61. Is g a prime number?
True
Suppose -2*x + 3610 = 3*x. Suppose 3*n + 0*n = 2*o - 16, 0 = -5*o + 3*n + 31. Suppose -4*i + x = -o*l - 90, -812 = -4*i - l. Is i a composite number?
True
Let m be 30/(-7) - (-12)/42. Let n be 7/2 + 2/m. Suppose 8*w - 95 = n*w. Is w prime?
True
Suppose 4*f - 3*n = -6861, -377 = -2*f - 2*n - 3825. Let j = -1146 - f. Suppose 0*l - j = -3*l. Is l a prime number?
True
Suppose 4*t + 4211 = n, -2*t = -3*n + 8523 + 4060. Suppose 5*r = 2*m - 1690, 5*m - n = 6*r - 2*r. Is m a prime number?
False
Let o(l) = 909*l**2 + 33*l + 37. Is o(-15) composite?
False
Suppose -136 = -5*q + 7*q. Let t = q - -699. Is t a composite number?
False
Let g(j) = 60*j + 7. Let t(h) = h**2 + h + 2. Let n be t(2). Is g(n) a prime number?
True
Let p(k) = k**3 + 4*k**2 + 2*k. Let a be p(-2). Suppose t - a*t = -9. Suppose -5*g - 20 = 0, 3*z - 6*g = -t*g + 81. Is z prime?
True
Suppose 5*y + 10 = 40. Is (-57882)/(-44)*4/y a prime number?
True
Let f = 13 - 26. Let r(c) = 3*c**2 + 19*c - 3. Is r(f) prime?
True
Let m = 507 + 608. Is m prime?
False
Suppose 2*l = 5*l - 18. Let a be (0 + 0)*3/l. Suppose a = x - 35. Is x prime?
False
Let k be (4/5)/(6/15). Suppose -k*a + 78 = -0*a - 4*p, 225 = 5*a + 5*p. Suppose 0 = -2*c + a + 31. Is c prime?
True
Let b be (-2 + 5/2)/(1/2148). Suppose 5*h - b = 2341. Is h a composite number?
False
Let w(l) = l**3 + l**2 - 1. Let y be w(1). Let m = 4 - y. Suppose -f - 735 = -n, -8*f - 719 = -n - m*f. Is n prime?
True
Let w be 492/(-156) - (-2)/13. Is (-5 - w)*2053/(-2) composite?
False
Let r(u) = 2*u**2 + 22*u + 22. Let b be r(-10). Is ((-4)/(-14))/(b + (-4633)/2317) composite?
True
Is -21083*((-5)/(-10))/(1/(-2)) prime?
False
Let i be 4*(14494/22 - 2/(-11)). Is 1/((-5268)/i + 2) composite?
False
Let z be (1 - 7)*16/24. Let n = 6 - z. Is (-819)/(-65) + 4/n a prime number?
True
Suppose -14*w + 19*w - 3*p = 93358, 4*w + 5*p - 74679 = 0. Is w prime?
True
Let q(l) = -77*l**2 + 3*l + 2. Let x(u) = 78*u**2 - 3*u - 2. Let f(m) = -4*q(m) - 3*x(m). Is f(-3) composite?
False
Let d be (-536)/4*(2 + -6). Let w = d - -5. Is w a prime number?
True
Suppose 0 = -2*p - 2, -5*p + 4*p + 25795 = 4*i. Is i a prime number?
True
Suppose -9*d + 11*d = 5*u - 85379, 2*u + 5*d = 34169. Is u a composite number?
False
Let y(z) = 13*z**3 + 11*z**2 - 16*z + 19. Is y(6) composite?
True
Suppose z - 4*z = 5667. Let l = 3360 + z. Is l a composite number?
False
Let s = 38 + -38. Suppose s*x - 3013 = -o + 4*x, 4*o + x = 12069. Is o a prime number?
False
Suppose 0 = 3*b + n - 186115, n - 4*n - 6 = 0. Is b a composite number?
False
Let i be 2/14 - (-110)/14. Suppose 2*t + 8 = 0, 0 = -3*y + 3*t - i*t + 1417. Is y prime?
True
Suppose 0 = 5*z - 28620 - 25465. Is z a prime number?
False
Let s = 312 - 149. Is s a prime number?
True
Let h = -7 + 9. Is (1/(h/(-4358)))/(-1) composite?
False
Suppose 5*c = -5*b + 6*c + 3243, -4*c = -b + 641. Is b prime?
False
Suppose 3*q + 7094 = y, 4650 = 2*y - 5*q - 9543. Is y prime?
True
Suppose 2*u - 1538 = -904. Is u prime?
True
Let c = -14026 + 25545. Is c a prime number?
True
Let h(r) = -2*r**2 - 3*r + 7297. Is h(0) prime?
True
Let q(s) = 640*s**2 - 18*s - 45. Is q(-4) composite?
False
Let y be -1 + (2320/2)/5. Suppose -2*s = -h + 4*h - 50, -4*h + 5*s + 82 = 0. Let g = h + y. Is g composite?
True
Let n(h) = -3*h - 3. Let j(i) = i**3 + 4*i**2 + 2*i. Let w be j(-2). Let g be n(w). Let m = g + 68. Is m a prime number?
True
Let v = -91 - -142. Suppose q + 5*a = 73, v = q - 3*a + 2. Suppose -5*y = -5, 0 = -j + 2*y + 14 + q. Is j prime?
False
Let h(i) = 181*i - 7. Suppose -3*l = -3*j + 21, -2*j = 2*j - 2*l - 18. Is h(j) a composite number?
True
Let u(y) = 77*y**3 + y**2 - 3*y + 2. Suppose -5*h = 4*l - 19 - 16, 0 = -4*h - 3*l + 27. Is u(h) a prime number?
True
Suppose -4*g - g + 785 = 0. Let k(w) = -w - 8. Let f be k(-10). Suppose f*o - g = 357. Is o a prime number?
True
Let z = 12 + -8. Let m = -6 + z. Is (-25)/m*(0 - -2) composite?
True
Let h be (-1 + 3)/(6/243). Suppose 4*r - h = 59. Is (-2)/(-7) + 2965/r a prime number?
False
Let f = -1763 + 2972. Let i = -818 + f. Is i a composite number?
True
Let r = -1414 + 386. Let o(n) = -n**3 + 5*n**2 + 7*n - 14. Let s be o(6). Is (-6)/4 + r/s a prime number?
True
Let x(f) = f**2 - 11. Let j be x(4). Suppose -4*a - a + 5*t + 9990 = 0, -4*a + j*t + 7996 = 0. Is a composite?
True
Let n(k) = 1464*k**2 - 58*k - 271. Is n(-5) a composite number?
True
Let p(n) = -n**3 - 7*n**2 - 3*n + 4. Let c(z) = z**2 - z. Let y(g) = -3*c(g) + p(g). Let w be y(-10). Is (-159 + w)/(-1*1) composite?
True
Let n = 12 - 10. Suppose -6 = -3*k + n*k. Suppose x - 468 = -5*y, -4*y - k*x + 2*x = -368. Is y prime?
False
Let a be (-7)/21 - 26/(-6). Suppose -g - 853 = -3*t + g, -5*g - 1142 = -a*t. Let b = t - 168. Is b composite?
True
Let g be (16/(-40))/(1/10). Is (-21)/(-28) - 2041/g composite?
True
Let o(p) = 18*p**3 + 2*p + p + 1757 - 17*p**3 - 2*p**2. Is o(0) a prime number?